{"id":157,"date":"2023-03-06T16:33:38","date_gmt":"2023-03-06T19:33:38","guid":{"rendered":"https:\/\/crtarteecomunicacao.com.br\/relatorioanual\/?page_id=157"},"modified":"2024-04-16T15:42:21","modified_gmt":"2024-04-16T18:42:21","slug":"tres-anos-de-mais-visao","status":"publish","type":"page","link":"https:\/\/relatorioanual2023.visaoprev.com.br\/?page_id=157","title":{"rendered":"Tr\u00eas anos de Mais Vis\u00e3o"},"content":{"rendered":"\t\t<div data-elementor-type=\"wp-page\" data-elementor-id=\"157\" class=\"elementor elementor-157\">\n\t\t\t\t\t\t<section class=\"elementor-section elementor-top-section elementor-element elementor-element-1ccd0100 elementor-section-boxed elementor-section-height-default elementor-section-height-default\" data-id=\"1ccd0100\" data-element_type=\"section\">\n\t\t\t\t\t\t<div class=\"elementor-container elementor-column-gap-default\">\n\t\t\t\t\t<div class=\"elementor-column elementor-col-100 elementor-top-column elementor-element elementor-element-40421042\" data-id=\"40421042\" data-element_type=\"column\">\n\t\t\t<div class=\"elementor-widget-wrap elementor-element-populated\">\n\t\t\t\t\t\t<div class=\"elementor-element elementor-element-68254706 elementor-widget elementor-widget-spacer\" data-id=\"68254706\" data-element_type=\"widget\" data-widget_type=\"spacer.default\">\n\t\t\t\t<div class=\"elementor-widget-container\">\n\t\t\t\t\t\t\t<div class=\"elementor-spacer\">\n\t\t\t<div class=\"elementor-spacer-inner\"><\/div>\n\t\t<\/div>\n\t\t\t\t\t\t<\/div>\n\t\t\t\t<\/div>\n\t\t\t\t<div class=\"elementor-element elementor-element-dbf158b elementor-widget elementor-widget-text-editor\" data-id=\"dbf158b\" data-element_type=\"widget\" data-widget_type=\"text-editor.default\">\n\t\t\t\t<div class=\"elementor-widget-container\">\n\t\t\t\t\t\t\t\t\t<p>O plano Mais Vis\u00e3o foi lan\u00e7ado em setembro de 2020 como resposta aos pedidos de muitos participantes que queriam estender a qualidade da gest\u00e3o da Vis\u00e3o Prev a seus familiares e para ampliar as op\u00e7\u00f5es oferecidas pela entidade. Aberto aos atuais participantes e seus parentes de at\u00e9 3\u00ba grau, o Mais Vis\u00e3o \u00e9 um plano flex\u00edvel que permite a pessoas de diferentes faixas et\u00e1rias programar \u2013 e realizar \u2013 sonhos e metas financeiras.<\/p><p>No dia 31 de dezembro, o plano registrou um patrim\u00f4nio superior a R$ 40 milh\u00f5es \u2013 ou seja, quase 50% superior ao fechamento de 2022. O n\u00famero de participantes cresceu mais de 11%, totalizando 958 pessoas ao final de 2023.<\/p>\t\t\t\t\t\t\t\t<\/div>\n\t\t\t\t<\/div>\n\t\t\t\t\t<\/div>\n\t\t<\/div>\n\t\t\t\t\t<\/div>\n\t\t<\/section>\n\t\t\t\t<section class=\"elementor-section elementor-top-section elementor-element elementor-element-32d681a elementor-section-boxed elementor-section-height-default elementor-section-height-default\" data-id=\"32d681a\" data-element_type=\"section\">\n\t\t\t\t\t\t<div class=\"elementor-container elementor-column-gap-default\">\n\t\t\t\t\t<div class=\"elementor-column elementor-col-100 elementor-top-column elementor-element elementor-element-248a2a6\" data-id=\"248a2a6\" data-element_type=\"column\">\n\t\t\t<div class=\"elementor-widget-wrap elementor-element-populated\">\n\t\t\t\t\t\t<div class=\"elementor-element elementor-element-4fdd867 elementor-widget elementor-widget-spacer\" data-id=\"4fdd867\" data-element_type=\"widget\" data-widget_type=\"spacer.default\">\n\t\t\t\t<div class=\"elementor-widget-container\">\n\t\t\t\t\t\t\t<div class=\"elementor-spacer\">\n\t\t\t<div class=\"elementor-spacer-inner\"><\/div>\n\t\t<\/div>\n\t\t\t\t\t\t<\/div>\n\t\t\t\t<\/div>\n\t\t\t\t<div class=\"elementor-element elementor-element-d27f91b elementor-widget elementor-widget-button\" data-id=\"d27f91b\" data-element_type=\"widget\" data-widget_type=\"button.default\">\n\t\t\t\t<div class=\"elementor-widget-container\">\n\t\t\t\t\t\t\t\t\t<div class=\"elementor-button-wrapper\">\n\t\t\t\t\t<a class=\"elementor-button elementor-size-md\" role=\"button\">\n\t\t\t\t\t\t<span class=\"elementor-button-content-wrapper\">\n\t\t\t\t\t\t<span class=\"elementor-button-icon\">\n\t\t\t\t\t\t\t<\/span>\n\t\t\t\t\t\t\t\t\t<span class=\"elementor-button-text\">Mais Vis\u00e3o para todos<\/span>\n\t\t\t\t\t<\/span>\n\t\t\t\t\t<\/a>\n\t\t\t\t<\/div>\n\t\t\t\t\t\t\t\t<\/div>\n\t\t\t\t<\/div>\n\t\t\t\t<div class=\"elementor-element elementor-element-888f273 elementor-widget elementor-widget-spacer\" data-id=\"888f273\" data-element_type=\"widget\" data-widget_type=\"spacer.default\">\n\t\t\t\t<div class=\"elementor-widget-container\">\n\t\t\t\t\t\t\t<div class=\"elementor-spacer\">\n\t\t\t<div class=\"elementor-spacer-inner\"><\/div>\n\t\t<\/div>\n\t\t\t\t\t\t<\/div>\n\t\t\t\t<\/div>\n\t\t\t\t<div class=\"elementor-element elementor-element-60803abd elementor-widget elementor-widget-text-editor\" data-id=\"60803abd\" data-element_type=\"widget\" data-widget_type=\"text-editor.default\">\n\t\t\t\t<div class=\"elementor-widget-container\">\n\t\t\t\t\t\t\t\t\t<p>Desde julho, <strong><a href=\"https:\/\/blog.visaoprev.com.br\/expansao-mais-visao\/\" target=\"_blank\" rel=\"noopener\"><u>todos os colaboradores das empresas do Grupo Telef\u00f4nica<\/u><\/a><\/strong> podem aderir ao Mais Vis\u00e3o. Ou seja, n\u00e3o \u00e9 mais necess\u00e1rio ser participante da Vis\u00e3o Prev ou trabalhar em uma das atuais patrocinadoras. A amplia\u00e7\u00e3o oferece um grande ganho de escala: dos 36 mil colaboradores do Grupo, 26 mil podem agora se tornar participantes da Vis\u00e3o Prev (10 mil j\u00e1 est\u00e3o na entidade), multiplicando o acesso ao Mais Vis\u00e3o, uma vez que cada novo integrante pode fazer a ades\u00e3o de seus familiares at\u00e9 o 3\u00ba grau.<\/p>\t\t\t\t\t\t\t\t<\/div>\n\t\t\t\t<\/div>\n\t\t\t\t\t<\/div>\n\t\t<\/div>\n\t\t\t\t\t<\/div>\n\t\t<\/section>\n\t\t\t\t<section class=\"elementor-section elementor-top-section elementor-element elementor-element-5c3e5eb7 elementor-section-boxed elementor-section-height-default elementor-section-height-default\" data-id=\"5c3e5eb7\" data-element_type=\"section\">\n\t\t\t\t\t\t<div class=\"elementor-container elementor-column-gap-default\">\n\t\t\t\t\t<div class=\"elementor-column elementor-col-100 elementor-top-column elementor-element elementor-element-28a89e12\" data-id=\"28a89e12\" data-element_type=\"column\" data-settings=\"{&quot;background_background&quot;:&quot;classic&quot;}\">\n\t\t\t<div class=\"elementor-widget-wrap elementor-element-populated\">\n\t\t\t\t\t\t<section class=\"elementor-section elementor-inner-section elementor-element elementor-element-746cc9d1 elementor-section-boxed elementor-section-height-default elementor-section-height-default\" data-id=\"746cc9d1\" data-element_type=\"section\">\n\t\t\t\t\t\t<div class=\"elementor-container elementor-column-gap-default\">\n\t\t\t\t\t<div class=\"elementor-column elementor-col-100 elementor-inner-column elementor-element elementor-element-27b7705\" data-id=\"27b7705\" data-element_type=\"column\" data-settings=\"{&quot;background_background&quot;:&quot;classic&quot;}\">\n\t\t\t<div class=\"elementor-widget-wrap elementor-element-populated\">\n\t\t\t\t\t\t<div class=\"elementor-element elementor-element-4c2b0ff9 elementor-widget elementor-widget-spacer\" data-id=\"4c2b0ff9\" data-element_type=\"widget\" data-widget_type=\"spacer.default\">\n\t\t\t\t<div class=\"elementor-widget-container\">\n\t\t\t\t\t\t\t<div class=\"elementor-spacer\">\n\t\t\t<div class=\"elementor-spacer-inner\"><\/div>\n\t\t<\/div>\n\t\t\t\t\t\t<\/div>\n\t\t\t\t<\/div>\n\t\t\t\t\t<\/div>\n\t\t<\/div>\n\t\t\t\t\t<\/div>\n\t\t<\/section>\n\t\t\t\t<section class=\"elementor-section elementor-inner-section elementor-element elementor-element-bba5569 elementor-section-boxed elementor-section-height-default elementor-section-height-default\" data-id=\"bba5569\" data-element_type=\"section\">\n\t\t\t\t\t\t<div class=\"elementor-container elementor-column-gap-default\">\n\t\t\t\t\t<div class=\"elementor-column elementor-col-100 elementor-inner-column elementor-element elementor-element-5aa5691e\" data-id=\"5aa5691e\" data-element_type=\"column\">\n\t\t\t<div class=\"elementor-widget-wrap elementor-element-populated\">\n\t\t\t\t\t\t<div class=\"elementor-element elementor-element-5c6e1dd elementor-widget elementor-widget-button\" data-id=\"5c6e1dd\" data-element_type=\"widget\" data-widget_type=\"button.default\">\n\t\t\t\t<div class=\"elementor-widget-container\">\n\t\t\t\t\t\t\t\t\t<div class=\"elementor-button-wrapper\">\n\t\t\t\t\t<a class=\"elementor-button elementor-size-md\" role=\"button\">\n\t\t\t\t\t\t<span class=\"elementor-button-content-wrapper\">\n\t\t\t\t\t\t<span class=\"elementor-button-icon\">\n\t\t\t\t\t\t\t<\/span>\n\t\t\t\t\t\t\t\t\t<span class=\"elementor-button-text\">A\u00e7\u00f5es promocionais<\/span>\n\t\t\t\t\t<\/span>\n\t\t\t\t\t<\/a>\n\t\t\t\t<\/div>\n\t\t\t\t\t\t\t\t<\/div>\n\t\t\t\t<\/div>\n\t\t\t\t<div class=\"elementor-element elementor-element-11e1af9 elementor-widget elementor-widget-spacer\" data-id=\"11e1af9\" data-element_type=\"widget\" data-widget_type=\"spacer.default\">\n\t\t\t\t<div class=\"elementor-widget-container\">\n\t\t\t\t\t\t\t<div class=\"elementor-spacer\">\n\t\t\t<div class=\"elementor-spacer-inner\"><\/div>\n\t\t<\/div>\n\t\t\t\t\t\t<\/div>\n\t\t\t\t<\/div>\n\t\t\t\t<div class=\"elementor-element elementor-element-5699f26c elementor-widget elementor-widget-text-editor\" data-id=\"5699f26c\" data-element_type=\"widget\" data-widget_type=\"text-editor.default\">\n\t\t\t\t<div class=\"elementor-widget-container\">\n\t\t\t\t\t\t\t\t\t<p>\u00a0De 3 a 14 de agosto, para celebrar o Dia dos Pais, quem investiu R$ 2 mil no Mais Vis\u00e3o p\u00f4de escolher entre um par de ingressos para o Cinema Imax ou tr\u00eas meses de assinatura do jornal Valor Econ\u00f4mico. A campanha alavancou a entrada de R$ 280 mil em contribui\u00e7\u00f5es.<\/p><p>No dia 3 de outubro, para festejar os tr\u00eas anos, a Vis\u00e3o Prev patrocinou a apresenta\u00e7\u00e3o online \u201cIsabela saiu das telas\u201d, da palestrante Nanda Perim, com dicas e informa\u00e7\u00f5es sobre o uso de celulares e outras telas por crian\u00e7as e adolescentes.\u00a0 Os participantes que convidaram tr\u00eas familiares para a live ganharam um voucher de R$ 100 no iFood.<\/p><p>At\u00e9 o dia 25 de outubro, quem fez um aporte m\u00ednimo de R$ 500 no Mais Vis\u00e3o recebeu um livro infantil 100% personalizado em comemora\u00e7\u00e3o ao Dia das Crian\u00e7as. A campanha registrou de R$ 14,4 mil em contribui\u00e7\u00f5es.<\/p>\t\t\t\t\t\t\t\t<\/div>\n\t\t\t\t<\/div>\n\t\t\t\t<div class=\"elementor-element elementor-element-8911b7b elementor-widget elementor-widget-text-editor\" data-id=\"8911b7b\" data-element_type=\"widget\" data-widget_type=\"text-editor.default\">\n\t\t\t\t<div class=\"elementor-widget-container\">\n\t\t\t\t\t\t\t\t\t<p>Conhe\u00e7a a plataforma exclusiva do <a href=\"https:\/\/maisvisao.visaoprev.com.br\/#utm_source=site_visao&amp;utm_medium=boton&amp;utm_campaign=Bot%C3%A3o%20Site%20Vis%C3%A3o\" target=\"_blank\" rel=\"noopener\"><strong><u>Mais Vis\u00e3o<\/u><\/strong><\/a> para saber mais sobre seus benef\u00edcios e regras.<\/p>\t\t\t\t\t\t\t\t<\/div>\n\t\t\t\t<\/div>\n\t\t\t\t\t<\/div>\n\t\t<\/div>\n\t\t\t\t\t<\/div>\n\t\t<\/section>\n\t\t\t\t\t<\/div>\n\t\t<\/div>\n\t\t\t\t\t<\/div>\n\t\t<\/section>\n\t\t\t\t<\/div>\n\t\t","protected":false},"excerpt":{"rendered":"<p>O plano Mais Vis\u00e3o foi lan\u00e7ado em setembro de 2020 como resposta aos pedidos de muitos participantes que queriam estender a qualidade da gest\u00e3o da Vis\u00e3o Prev a seus familiares e para ampliar as op\u00e7\u00f5es oferecidas pela entidade. Aberto aos atuais participantes e seus parentes de at\u00e9 3\u00ba grau, o Mais Vis\u00e3o \u00e9 um plano [&hellip;]<\/p>\n","protected":false},"author":1,"featured_media":1742,"parent":61,"menu_order":9,"comment_status":"closed","ping_status":"closed","template":"","meta":{"footnotes":""},"class_list":["post-157","page","type-page","status-publish","has-post-thumbnail","hentry"],"acf":[],"_links":{"self":[{"href":"https:\/\/relatorioanual2023.visaoprev.com.br\/index.php?rest_route=\/wp\/v2\/pages\/157","targetHints":{"allow":["GET"]}}],"collection":[{"href":"https:\/\/relatorioanual2023.visaoprev.com.br\/index.php?rest_route=\/wp\/v2\/pages"}],"about":[{"href":"https:\/\/relatorioanual2023.visaoprev.com.br\/index.php?rest_route=\/wp\/v2\/types\/page"}],"author":[{"embeddable":true,"href":"https:\/\/relatorioanual2023.visaoprev.com.br\/index.php?rest_route=\/wp\/v2\/users\/1"}],"replies":[{"embeddable":true,"href":"https:\/\/relatorioanual2023.visaoprev.com.br\/index.php?rest_route=%2Fwp%2Fv2%2Fcomments&post=157"}],"version-history":[{"count":74,"href":"https:\/\/relatorioanual2023.visaoprev.com.br\/index.php?rest_route=\/wp\/v2\/pages\/157\/revisions"}],"predecessor-version":[{"id":2157,"href":"https:\/\/relatorioanual2023.visaoprev.com.br\/index.php?rest_route=\/wp\/v2\/pages\/157\/revisions\/2157"}],"up":[{"embeddable":true,"href":"https:\/\/relatorioanual2023.visaoprev.com.br\/index.php?rest_route=\/wp\/v2\/pages\/61"}],"wp:featuredmedia":[{"embeddable":true,"href":"https:\/\/relatorioanual2023.visaoprev.com.br\/index.php?rest_route=\/wp\/v2\/media\/1742"}],"wp:attachment":[{"href":"https:\/\/relatorioanual2023.visaoprev.com.br\/index.php?rest_route=%2Fwp%2Fv2%2Fmedia&parent=157"}],"curies":[{"name":"wp","href":"https:\/\/api.w.org\/{rel}","templated":true}]}}